12)?
32
Let v = 3063 + -3029. Suppose -l + 6*l - 490 = 0. What is the remainder when l is divided by v?
30
Suppose 5*d = 4*d - 54. Let l = -42 - d. What is the remainder when l is divided by 6?
0
Suppose 3*d - 2*f + 698 = 3042, 0 = 3*d - 4*f - 2354. Calculate the remainder when d is divided by 12.
10
Let r = -16 - -46. Let x = 37 - r. What is the remainder when 27 is divided by x?
6
Suppose -5*r - 5*t = -t - 200, 0 = 5*r + 2*t - 200. Calculate the remainder when r is divided by 17.
6
Suppose 20 = 4*r, 0*t + 4*r = -5*t + 30. Let s be (t - 15/3) + 33. Let d = s + -13. Calculate the remainder when 66 is divided by d.
15
Suppose -8*f = -5*a - 9*f + 423, -2*a = -f - 165. Calculate the remainder when a is divided by 13.
6
Let p = 2 + 1. Calculate the remainder when 51 is divided by (-315)/(-14)*2/p - -3.
15
Suppose 0*j + 11 = 3*g - j, 3*j - 2 = 2*g. Calculate the remainder when 73 is divided by 77/g*1 - (-10)/(-25).
13
Let g(y) = 4*y**3 - 12*y**2 + 8*y + 9. Let v(a) = -9*a**3 + 25*a**2 - 17*a - 17. Let n(q) = 5*g(q) + 2*v(q). Calculate the remainder when n(6) is divided by 31.
26
Let a = -2248 - -2331. What is the remainder when 223 is divided by a?
57
Let x = 0 + 5. Calculate the remainder when ((-4)/6)/(-1) - 110/(-6) is divided by x.
4
Let z(t) = 3*t**2 + 12*t + 3. Let x be z(-4). Calculate the remainder when 26 is divided by (-16)/(-12)*(x + 0/(-3)).
2
Calculate the remainder when 194 is divided by (-77)/(-44)*(-56)/(-2).
47
Let n = -261 + 285. What is the remainder when 98 is divided by n?
2
Suppose -5*q + 5 = -35. Let b = q - 10. What is the remainder when 33 is divided by 1 + b + -2 + 15?
9
Let n = 95 + -92. Suppose 6*h - n*h + 5*v - 188 = 0, -5*v + 5 = 0. What is the remainder when h is divided by (-2)/5 + (-82)/(-5)?
13
Let j = 14 + -10. Suppose -3*q - 2*w = -15, -j*q + 22 + 3 = w. Suppose 3*t = -4*c + 43, -q*c = -t - 3*c - 7. What is the remainder when t is divided by 5?
4
Suppose 9*k + 3*m - 78 = 7*k, -5*k - m + 195 = 0. Calculate the remainder when 49 is divided by k.
10
Let p be (4 - 1) + 6 + -7. Let n = 3 - p. What is the remainder when (-16)/4*(-1)/4 is divided by n?
0
Let j(g) = -g**3 + 40*g**2 + 90*g - 2. What is the remainder when j(42) is divided by 63?
61
Let p = -724 + 842. What is the remainder when p is divided by 25?
18
Suppose -5*g + 80 = -50. Suppose -9 - 1 = -z + 3*t, z - g = -t. What is the remainder when z is divided by 0 + 1/(3/18)?
4
Let j = -157 + 173. Calculate the remainder when 27 is divided by j.
11
Let u = 76 - 44. Suppose -u = -2*l + 298. What is the remainder when l is divided by 42?
39
Suppose 55 = -8*h + 15. Let g(w) = -7*w. Suppose -3*o = -3*l + 42, 3*l = 4*o + 22 + 22. Calculate the remainder when g(h) is divided by l.
11
Suppose -z = 4*z. Suppose -2*c + 28 = 5*a, -c = -4*a - z*c + 12. What is the remainder when 31 is divided by a?
3
Let j(u) = u**2 - 6*u + 17. Let i(z) = z**3 - 13*z**2 - 14*z + 9. Let o be i(14). Calculate the remainder when j(o) is divided by 15.
14
Let k(i) = -2*i**2 + 7*i**2 - 10 + 6*i - i - 2*i. What is the remainder when k(-4) is divided by 30?
28
Suppose 0 = 2*n - 2, n - 2 = -h + 14. What is the remainder when 134 is divided by h?
14
Suppose j - 5 = 0, 0 = -4*b + 46*j - 48*j + 162. Let c(w) = w**3 + 5*w**2 + 4*w - 1. What is the remainder when b is divided by c(-3)?
3
Suppose 2*q + 2*z = 348, 5*q - 146*z + 148*z - 885 = 0. Calculate the remainder when q is divided by 5.
4
Suppose 0 = -5*i + 21 + 4. Suppose o = i - 2. Suppose -2*c + o + 9 = 0. What is the remainder when 16 is divided by c?
4
Calculate the remainder when 166 is divided by (-11 - (-124)/12)/(4/(-342)).
52
Let t = -80 + 113. What is the remainder when 293 is divided by t?
29
Suppose -a - 2 = -5. Suppose -q = -a*q - 18. Let m = q - -18. Calculate the remainder when m is divided by 3.
0
Calculate the remainder when 193 is divided by ((-2)/4)/((-14)/42)*22.
28
Suppose -90 = 5*y - 10*y. Suppose 4*b - 5*f = -5, 4*b - 5 = -3*f - 2. Suppose j = h - 49, 4*j + 7 - 19 = b. What is the remainder when h is divided by y?
16
Suppose 0 = -526*z + 521*z + 20. Suppose 5*j + m = 2*j + 349, -4*j + 452 = 4*m. Suppose z*u + j = 306. What is the remainder when u is divided by 12?
11
Suppose 3 = -2*m + m. Calculate the remainder when 28 is divided by 2*(4 + m + 4).
8
Let g(k) = -47*k - 1. Let h be (-2*1)/((-1)/((-2)/4)). What is the remainder when g(h) is divided by 7?
4
Suppose 3*b = -3, p + 5*b = -p - 3. Calculate the remainder when 26 is divided by (15 - p) + (0 - -2 - 0).
10
Let j be ((-2)/(-1) - -1) + 2. Suppose -j*i = -2*r + 84, 200 = -2*r + 6*r - 2*i. Suppose -14*t = -17*t + 54. What is the remainder when r is divided by t?
16
Let p be (-4)/(-10)*-22*-5. Suppose -2*s = -g - p, -g + 91 = 5*s - 19. What is the remainder when 55 is divided by s?
11
Let n = -12 + 16. Suppose 5*g + 2*d - 118 = 22, -n*g + 3*d + 89 = 0. Calculate the remainder when g is divided by 7.
5
Suppose t - 4*t = -12. What is the remainder when (42/8)/(3/36) is divided by ((-14)/t + 2)*(-234)/27?
11
Suppose 0 = -3*y + 7 - 1. Suppose y*x - 4 = 4*x. Calculate the remainder when 40 is divided by x/(-6)*(44 + -2).
12
Let j(s) = 9*s + 33. What is the remainder when 83 is divided by j(-3)?
5
Let r(q) = q**2 + 8*q + 5. Let u = -36 + 25. Suppose -3*t - 21 + 81 = 0. Calculate the remainder when r(u) is divided by t.
18
Suppose -298 = -8*n + 230. What is the remainder when 226 is divided by n?
28
Let l(i) = -128*i - 21. What is the remainder when l(-2) is divided by 60?
55
Let f(d) be the second derivative of -d**3/6 + 2*d**2 - d. Suppose -6*g = -g - o + 28, -4*g + o = 23. Calculate the remainder when 26 is divided by f(g).
8
Let n = 7 + -5. Suppose -l = n*k - 6, -4*k + l + 28 = -l. Calculate the remainder when k is divided by 4.
1
Let z(w) = 5*w**2 + w + 30. Let b(a) = 6*a**2 + a + 31. Let j(g) = 6*b(g) - 7*z(g). What is the remainder when 87 is divided by j(7)?
15
Suppose 5*g = -5*b + 200, 2*g + g = 5*b - 160. What is the remainder when 349 is divided by b?
34
Let w = 40 - 29. Let b = 29 + -22. What is the remainder when 1/(-2)*(9 - b)*-41 is divided by w?
8
Suppose -38*i + 99 = -5*i. Let y(w) = -4*w. Let j be y(1). What is the remainder when (-40)/14*14/j is divided by i?
1
Let w = 532 - 338. What is the remainder when w is divided by 28?
26
Suppose -5*v + 2*v = -90. Let i = 44 - v. Suppose -h + 0*t + 69 = 2*t, -4*h - 4*t = -272. Calculate the remainder when h is divided by i.
11
Calculate the remainder when ((-231)/14 + 12)*-12*1 is divided by 2.
0
Calculate the remainder when (24 - -29)/((3/4)/3) is divided by 71.
70
Let c(o) = -o**2 + 25*o - 14. Let y be c(11). Let j be (-5)/((0 - 2)/8). Calculate the remainder when 83 is divided by (j/(-50))/((-2)/y).
27
Suppose v = 4*f + 33, 4*v - 81 = -3*f + 108. What is the remainder when v is divided by 23?
22
Suppose 13*l - 14*l = -2*j + 274, 274 = 2*j + 5*l. Calculate the remainder when j is divided by 10.
7
Suppose a = 3*c - 0*c - 76, -c + a = -26. What is the remainder when 172 is divided by c?
22
Let a(m) = -m**3 - 7*m**2 + 26*m - 3. Calculate the remainder when 737 is divided by a(-10).
34
Suppose -6*o + 5*o = -7. Suppose 6*t - o*t = -48. Calculate the remainder when 190 is divided by t.
46
Let t(s) = -10*s - 4. Let w be (-8 + 7)/((-21)/(-9) + -2). What is the remainder when 76 is divided by t(w)?
24
Suppose 31 - 10 = 3*m. Suppose -10 = t + t. Calculate the remainder when m is divided by 3*t*(-4)/15.
3
Let a be (-260)/(-70) + (-2)/(-7). Calculate the remainder when 34 + 2/(3 - 5) is divided by (-2)/a - (-105)/6.
16
Suppose 0 = 2*l - d - 43, -3*d = -5*l + 126 - 20. Calculate the remainder when 44 is divided by l.
21
Let l = -66 - 38. Let o(p) = p**3 - 3*p**2 + 4*p - 2. Let w be o(2). Calculate the remainder when 16 is divided by w/9 - l/18.
4
Let x = -50 + 52. Suppose 2*g - x*m - m = 15, 0 = 2*g + 4*m - 8. Calculate the remainder when g is divided by 4.
2
Let k(b) = b**2 + 3. Let c be k(7). Suppose -t + 0*t + c = 0. Calculate the remainder when t is divided by 9.
7
Let a(m) = m**3 + 7*m**2 - 8*m - 3. Let y be a(-8). Let g(r) = r**3 - 2*r**2 - r. Let v be g(y). Calculate the remainder when 26 is divided by (2/(-3))/(4/v).
5
Suppose -4*n + 4*o = -412, 4*n - o - 407 = 2*o. What is the remainder when 189 is divided by n?
91
What 